{"id":166,"date":"2025-02-28T20:32:02","date_gmt":"2025-02-28T20:32:02","guid":{"rendered":"https:\/\/detulpalmelo.nl\/?post_type=tribe_events&#038;p=166"},"modified":"2025-02-28T20:32:02","modified_gmt":"2025-02-28T20:32:02","slug":"iftar","status":"publish","type":"tribe_events","link":"https:\/\/detulpalmelo.nl\/index.php\/event\/iftar\/","title":{"rendered":"Iftar"},"content":{"rendered":"<p>Sayg\u0131de\u011fer \u00dcyelerimiz,<\/p>\n<p>Bu y\u0131l da geleneksel Ramazan iftar program\u0131m\u0131z\u0131, her zamanki gibi birlik ve beraberlik i\u00e7inde ger\u00e7ekle\u015ftirmeyi planl\u0131yoruz. \u0130ftar program\u0131m\u0131z\u0131 Arefe g\u00fcn\u00fc, derne\u011fimizin yerine Yunus Emre Camii\u2019nde d\u00fczenlemeyi d\u00fc\u015f\u00fcn\u00fcyoruz.<\/p>\n<p>Bu do\u011frultuda, kat\u0131l\u0131m\u0131 daha iyi organize edebilmek ad\u0131na derne\u011fimizin b\u00fcy\u00fck salonunun giri\u015fine bir kat\u0131l\u0131m \u00e7izelgesi haz\u0131rlanm\u0131\u015ft\u0131r. 15 Mart 2025 tarihine kadar bu \u00e7izelgeye isim, soyisim ve kat\u0131lacak ki\u015fi say\u0131s\u0131n\u0131 yazman\u0131z\u0131 rica ediyoruz.<\/p>\n<p>Belirlenen ki\u015fi say\u0131s\u0131na g\u00f6re camide gerekli rezervasyonu yapaca\u011f\u0131z. \u015eimdiden kat\u0131l\u0131m\u0131n\u0131z i\u00e7in te\u015fekk\u00fcr eder, bu m\u00fcbarek ay\u0131n hepimize hay\u0131rlara vesile olmas\u0131n\u0131 dileriz.<\/p>\n<p>Sayg\u0131lar\u0131m\u0131zla,<br \/>\nDe Tulp Y\u00f6netim Kurulu<\/p>\n","protected":false},"excerpt":{"rendered":"<p>Sayg\u0131de\u011fer \u00dcyelerimiz, Bu y\u0131l da geleneksel Ramazan iftar program\u0131m\u0131z\u0131, her zamanki gibi birlik ve beraberlik i\u00e7inde ger\u00e7ekle\u015ftirmeyi planl\u0131yoruz. \u0130ftar program\u0131m\u0131z\u0131 Arefe g\u00fcn\u00fc, derne\u011fimizin yerine Yunus Emre Camii\u2019nde d\u00fczenlemeyi d\u00fc\u015f\u00fcn\u00fcyoruz. Bu [&hellip;]<\/p>\n","protected":false},"author":1,"featured_media":0,"comment_status":"open","ping_status":"closed","template":"","meta":{"_tribe_events_status":"","_tribe_events_status_reason":"","footnotes":""},"tags":[],"tribe_events_cat":[],"class_list":["post-166","tribe_events","type-tribe_events","status-publish","hentry"],"_links":{"self":[{"href":"https:\/\/detulpalmelo.nl\/index.php\/wp-json\/wp\/v2\/tribe_events\/166","targetHints":{"allow":["GET"]}}],"collection":[{"href":"https:\/\/detulpalmelo.nl\/index.php\/wp-json\/wp\/v2\/tribe_events"}],"about":[{"href":"https:\/\/detulpalmelo.nl\/index.php\/wp-json\/wp\/v2\/types\/tribe_events"}],"author":[{"embeddable":true,"href":"https:\/\/detulpalmelo.nl\/index.php\/wp-json\/wp\/v2\/users\/1"}],"replies":[{"embeddable":true,"href":"https:\/\/detulpalmelo.nl\/index.php\/wp-json\/wp\/v2\/comments?post=166"}],"version-history":[{"count":1,"href":"https:\/\/detulpalmelo.nl\/index.php\/wp-json\/wp\/v2\/tribe_events\/166\/revisions"}],"predecessor-version":[{"id":167,"href":"https:\/\/detulpalmelo.nl\/index.php\/wp-json\/wp\/v2\/tribe_events\/166\/revisions\/167"}],"wp:attachment":[{"href":"https:\/\/detulpalmelo.nl\/index.php\/wp-json\/wp\/v2\/media?parent=166"}],"wp:term":[{"taxonomy":"post_tag","embeddable":true,"href":"https:\/\/detulpalmelo.nl\/index.php\/wp-json\/wp\/v2\/tags?post=166"},{"taxonomy":"tribe_events_cat","embeddable":true,"href":"https:\/\/detulpalmelo.nl\/index.php\/wp-json\/wp\/v2\/tribe_events_cat?post=166"}],"curies":[{"name":"wp","href":"https:\/\/api.w.org\/{rel}","templated":true}]}}

<p>Saygıdeğer Üyelerimiz,</p>
<p>Bu yıl da geleneksel Ramazan iftar programımızı, her zamanki gibi birlik ve beraberlik içinde gerçekleştirmeyi planlıyoruz. İftar programımızı Arefe günü, derneğimizin yerine Yunus Emre Camii’nde düzenlemeyi düşünüyoruz.</p>
<p>Bu doğrultuda, katılımı daha iyi organize edebilmek adına derneğimizin büyük salonunun girişine bir katılım çizelgesi hazırlanmıştır. 15 Mart 2025 tarihine kadar bu çizelgeye isim, soyisim ve katılacak kişi sayısını yazmanızı rica ediyoruz.</p>
<p>Belirlenen kişi sayısına göre camide gerekli rezervasyonu yapacağız. Şimdiden katılımınız için teşekkür eder, bu mübarek ayın hepimize hayırlara vesile olmasını dileriz.</p>
<p>Saygılarımızla,<br />
De Tulp Yönetim Kurulu</p>

<p>Saygıdeğer Üyelerimiz, Bu yıl da geleneksel Ramazan iftar programımızı, her zamanki gibi birlik ve beraberlik içinde gerçekleştirmeyi planlıyoruz. İftar programımızı Arefe günü, derneğimizin yerine Yunus Emre Camii’nde düzenlemeyi düşünüyoruz. Bu [&hellip;]</p>
